*u = -r, 0*f + u = 4*f + 92. List the prime factors of 6/f + 377/4.
2, 47
List the prime factors of 92 + 0 + 42/((-1260)/330).
3
Suppose -5*a - 35 = 5*m, -3*a - 25 = 3*m - a. List the prime factors of 195/10*(-1 - m).
3, 5, 13
Let q(a) = a**2 - 20*a. List the prime factors of q(41).
3, 7, 41
What are the prime factors of -4 + 180/42 - (-965304)/84?
2, 13, 17
List the prime factors of ((-4)/(-8)*0 + -7)*(78 - 10429).
7, 11, 941
Let z(d) = d**3 - 100 + 100 - 4*d**2 + d**3 + 3*d. Suppose -b - x = -0*b - 6, 5*x = -3*b + 24. List the prime factors of z(b).
3
Let a be 5/(-1)*(-6)/(-3). What are the prime factors of (-22649)/(-55) - (-8)/a?
3, 137
Let l be (58939 - (2 + 4)) + -3. What are the prime factors of ((-4)/(-5))/(9 + l/(-6550))?
2, 131
What are the prime factors of ((-406)/5)/(-10 - 4796/(-480))?
2, 3, 7, 29
Let n be 1/6 + 148/(-24). Let z(a) = -a**3 - 7*a**2 - 6*a + 3. Let s be z(n). Suppose -c - s*c = -460. List the prime factors of c.
5, 23
Let g(l) = -11*l - 27. Suppose 15*b - 65 = 20*b. What are the prime factors of g(b)?
2, 29
What are the prime factors of ((-7626)/6)/(((-35)/(-5))/(-35))?
5, 31, 41
Let c be -568 + (5 + -1 - 1). What are the prime factors of 2 + 4 - c/5?
7, 17
Suppose 4*w - 4 = 0, -2*f + 3*w = 3*f - 17. Let d be ((639/f - 4) + 1)*4. Suppose -6*c = -d - 735. List the prime factors of c.
227
Let k(y) = 474*y**3 - 2*y**2 - 3*y - 1. Let w(i) = -1423*i**3 + 7*i**2 + 10*i + 3. Let t(f) = -7*k(f) - 2*w(f). List the prime factors of t(-1).
2, 59
Let x(r) = -68*r**3 - 3*r**2 - 12*r - 115. What are the prime factors of x(-5)?
2, 3, 5, 31
Let d(s) = 4*s**2 - 167. Let z be d(0). Let o = 17 - z. List the prime factors of o.
2, 23
Let f(a) = -11*a**3 - 44*a**2 - 12*a - 38. List the prime factors of f(-10).
2, 13, 257
Let f be 0*(28/(-8) + 4). Suppose 3*x + f*v = 5*v - 10, -v - 1 = 0. List the prime factors of 4*50/x*-2.
2, 5
Suppose -6*o = x - 18667, 5*x + 35*o - 93419 = 33*o. List the prime factors of x.
5, 37, 101
Let d = -447 + 767. Let s = -163 + d. What are the prime factors of s?
157
Suppose 4*x = -28*d + 29*d - 75318, d = 5*x + 75310. What are the prime factors of d?
2, 5, 11, 137
Let r(b) = 2*b**3 + 47*b**2 - 57*b + 62. What are the prime factors of r(23)?
2, 11987
Suppose 1615 = 3*m - 4*g - 14697, 0 = -3*m + 5*g + 16313. Suppose -2*q - 2*q = -m. What are the prime factors of q?
3, 151
Suppose 5*k - 130 = 80. Suppose 2*a - 22 - 23 = -y, 0 = -4*y + 5*a + 128. Suppose -y*s - 950 = -k*s. List the prime factors of s.
2, 5, 19
Suppose 2*m - 23 = 1. Let u(b) = 0*b - b - m + 5*b. List the prime factors of u(8).
2, 5
Let o = 70964 + -46523. List the prime factors of o.
3, 8147
Suppose 114572 = 31*k - 37142. What are the prime factors of k?
2, 2447
Let w(n) = 10056*n**2 + 368*n + 367. What are the prime factors of w(-1)?
5, 2011
Let g(v) = -v**3 + 2*v**2 + 7*v + 4. Let i be g(4). Let b(a) = 2*a**2 - 38 + a + 0*a + 150. What are the prime factors of b(i)?
2, 7
Suppose 5*q - 11 - 4 = 0. Suppose -3*c + 86 = -5*r - 38, -q*c + 132 = 3*r. List the prime factors of c*4*2/8 - -1.
2, 11
List the prime factors of 0 - ((-8 + 11)*-2945 + -4).
8839
Let g = 214 - 491. Let h = -25 - g. Let d = h + -64. List the prime factors of d.
2, 47
Suppose -3*y - n - 3*n = -7680, -3*n = -4*y + 10240. List the prime factors of y.
2, 5
Suppose 0 = -4*n + 12. Suppose f - 368 = -4*w - n*f, 3*f = 5*w - 452. List the prime factors of w.
7, 13
Let m be (143/(-1))/((-18)/(-3) + -7). Let p be (-2)/(-1)*6/4. Suppose 0 = -p*a + 15, -5*a - m + 418 = 5*o. What are the prime factors of o?
2, 5
Let i(n) = -n**2 + 2*n - 118. Let m be i(0). Let p = 420 + m. What are the prime factors of p?
2, 151
Suppose 2*z - 22923 = -227*b + 226*b, 5*b - 45855 = -4*z. What are the prime factors of z?
2, 3, 5, 191
Let y(m) = -m**3 - 17*m**2 + 20*m + 37. Let b be y(-18). What are the prime factors of ((-3 + b)/2)/(22/(-6688))?
2, 19
Suppose 7 - 10 = -s. Suppose 0 = 5*o + 2*k + 18, 0*o + 9 = -s*o - 3*k. List the prime factors of (-53)/(-3 - (o + 2/1)).
53
Let o(j) be the third derivative of -j**6/120 - j**5/6 + 13*j**4/12 + 2*j**3 + 44*j**2. Let k be o(-12). List the prime factors of 3*2/9 - 3040/k.
2, 127
Let s = -2647 + 8331. List the prime factors of s.
2, 7, 29
Let v(j) = -j**3 + 6*j**2 - 6*j - 4. Let d be v(4). Suppose w + 5*i - 4 = 6, 4*i = -d. What are the prime factors of w?
3, 5
Let a(k) = 21*k - 100. Let m(z) = z**3 + 6*z**2 - 17*z - 70. Let v be m(-5). List the prime factors of a(v).
2, 5, 37
Let z(c) = 5*c**2 + 121*c + 2201. What are the prime factors of z(100)?
64301
Let l(g) = 134*g - 320. What are the prime factors of l(51)?
2, 3257
Let p(l) = l**3 - 9*l**2 + 9*l - 3. Let r be p(8). Suppose -r*h + 4*d - 221 = -2*h, -h - 2*d = 87. Let y = h + 107. List the prime factors of y.
2, 7
Suppose 1095*g + 1061530 = 1132*g. List the prime factors of g.
2, 5, 19, 151
Let a(n) = 8*n**2 - 114*n - 250. List the prime factors of a(-62).
2, 5, 13, 17
Let c be -9 - -7 - (0 - 86). Suppose -c*l = -91*l + 693. What are the prime factors of l?
3, 11
Let g(d) = 0*d**2 + 4*d**2 + 26394*d - 26401*d. Let o(r) = r + 5. Let i be o(0). List the prime factors of g(i).
5, 13
Suppose -5*a + 35 = -5. Suppose a*j - 5*j - 285 = 0. Suppose l = -0*l + j. List the prime factors of l.
5, 19
Suppose 2865 = -8*b + 153. Let i = b - -463. What are the prime factors of i?
2, 31
Suppose 6*w = -2*w + 72. List the prime factors of w/((-18)/(-4)) + 171.
173
Suppose 14*y - 3*y + 4235 = 0. Let f = 2257 + y. Suppose 35*g - 26*g = f. What are the prime factors of g?
2, 13
Let w be (-6)/10 - 160/25. Let y(d) = -d + 1. Let a(r) = 3*r + 24. Let t(x) = -a(x) + y(x). List the prime factors of t(w).
5
Suppose 2*f - 10 = f + 2*p, -3*f + 20 = -4*p. Let m be (f + 8)/(4 + -2). List the prime factors of (-2)/m + 7153/46.
5, 31
Let l = -1959 - -4767. List the prime factors of l.
2, 3, 13
Let k = -34242 + 78123. List the prime factors of k.
3, 14627
Suppose -5*w - 34 - 22 = 4*t, 3*w - 3*t + 12 = 0. Let j(q) = 25*q - 21. Let s be j(-5). List the prime factors of (-4 - w) + 1 + -2 - s.
149
Suppose 5*i - 6214 = 5*y + 5536, 0 = -4*y - i - 9385. Let j = y + 4044. What are the prime factors of j?
1697
Let w = 202 + -362. Let h = 228 + w. What are the prime factors of h?
2, 17
Suppose 61619 = 50*f - 166431. List the prime factors of f.
4561
Suppose 357*u = 69*u + 6251249 + 1618639. List the prime factors of u.
2, 13, 1051
Suppose -5*z - 15 = 55. Let u(t) be the first derivative of t**3/3 - 7*t**2/2 + 8*t + 316. List the prime factors of u(z).
2, 151
What are the prime factors of 75992/15 + (-17)/(1275/10)?
2, 17, 149
Suppose -238960 = -39*d + 1533356. What are the prime factors of d/24 + 15/6?
2, 3, 79
List the prime factors of 21/(-28)*((-24489152)/528 + 4/(-11)).
2, 17393
Let t(n) = 18*n**2 - 2*n + 5. Let d be 3*(-1)/(0 - 1). Suppose -f - 4 = -d*f. What are the prime factors of t(f)?
73
Let l(j) = j**2 - 2*j + 4. Suppose -20 = -b - 16. Let a(m) = 2*m**2 - 12*m + 9. Let p be a(b). List the prime factors of l(p).
67
Suppose 4*t + 23*t - 202764 = 236931. What are the prime factors of t?
5, 3257
What are the prime factors of (-16)/(-2) + (-3 - 56126/(-14))?
2, 3, 223
Suppose 21*p = 26*p - 20. Suppose -5*n - 3432 = -p*z, -17*z + 14*z = -4*n - 2575. What are the prime factors of z?
853
Suppose 32231 = 5*x + o, 400*x - 395*x - 32247 = 3*o. List the prime factors of x.
3, 7, 307
Let n(s) = -s**3 - 6*s**2 - 4*s + 2. Suppose 0*m - m = y + 2, 3 = -3*y - 4*m. Let v be n(y). What are the prime factors of ((-5)/v)/(3/45)?
5
Let c be ((-14)/21)/((-2)/15). Let t be 319 + 3/1 + -2. Suppose -f - t = -c*f. What are the prime factors of f?
2, 5
Suppose -6*z + 3*p - 234 = -7*z, -4*z + 4*p + 952 = 0. Suppose -5*i + 25 = 0, 0 = 8*a - 3*a - 2*i + 765. Let j = z + a. What are the prime factors of j?
2, 43
Let b(i) = -117*i + 410. What are the prime factors of b(-14)?
2
Suppose 39*z + 36 = 153. Suppose 5*l = -3*o + 3035, -3*l - 3039 = -z*o - 6*l. List the prime factors of o.
5, 7, 29
Suppose 0 = 5*x + 3*u - 62292, -37*x - 12486 = -38*x + 4*u. List the prime factors of x.
2, 3, 31, 67
Let l = 49 + -22. Suppose 4*x - x = -3*m - l, m - 11 = -5*x. Let h = m - -29. What are the prime factors of h?
3, 5
Let o = 2305 - -605. Let x = o + -1792. List the prime factors of x.
2,